me factors of 420431?
11, 37, 1033
List the prime factors of 2075532.
2, 3, 257, 673
What are the prime factors of 6242646?
2, 3, 211, 4931
What are the prime factors of 136929?
3, 13, 3511
What are the prime factors of 2219133?
3, 7, 105673
What are the prime factors of 5107111?
5107111
What are the prime factors of 508913?
508913
What are the prime factors of 31464?
2, 3, 19, 23
What are the prime factors of 1006480?
2, 5, 23, 547
List the prime factors of 57827.
7, 11, 751
What are the prime factors of 372494?
2, 186247
List the prime factors of 2193558.
2, 3, 97, 3769
What are the prime factors of 136884?
2, 3, 11, 17, 61
What are the prime factors of 3979858?
2, 1021, 1949
List the prime factors of 174760.
2, 5, 17, 257
List the prime factors of 2557306.
2, 331, 3863
List the prime factors of 1702858.
2, 59, 14431
What are the prime factors of 6615663?
3, 1483, 1487
What are the prime factors of 496257?
3, 83, 1993
What are the prime factors of 3950074?
2, 1975037
List the prime factors of 36947743.
7, 5278249
What are the prime factors of 241711?
241711
List the prime factors of 7873924.
2, 17, 115793
What are the prime factors of 35740?
2, 5, 1787
List the prime factors of 4440137.
13, 43, 47
What are the prime factors of 1765155?
3, 5, 7, 16811
What are the prime factors of 705699?
3, 59, 443
List the prime factors of 1468418.
2, 7, 53, 1979
What are the prime factors of 1331680?
2, 5, 7, 29, 41
List the prime factors of 9691864.
2, 7, 13, 13313
What are the prime factors of 268584?
2, 3, 19, 31
What are the prime factors of 8906294?
2, 4453147
What are the prime factors of 165615?
3, 5, 61, 181
List the prime factors of 2896342.
2, 1448171
List the prime factors of 4827738.
2, 3, 173, 4651
What are the prime factors of 1880863?
17, 31, 43, 83
What are the prime factors of 1151880?
2, 3, 5, 29, 331
List the prime factors of 1149734.
2, 29, 43, 461
What are the prime factors of 893327?
31, 28817
List the prime factors of 2564075.
5, 102563
What are the prime factors of 28802817?
3, 103, 10357
List the prime factors of 686679.
3, 7, 19, 1721
List the prime factors of 1009369.
1009369
What are the prime factors of 3310129?
3310129
What are the prime factors of 10982584?
2, 47, 29209
List the prime factors of 31215857.
1559, 20023
What are the prime factors of 1125351?
3, 19, 6581
List the prime factors of 182612.
2, 71, 643
List the prime factors of 2371015.
5, 227, 2089
List the prime factors of 40274.
2, 13, 1549
List the prime factors of 16691081.
11, 97, 15643
List the prime factors of 2439783.
3, 113, 2399
What are the prime factors of 246823?
17, 14519
What are the prime factors of 441774?
2, 3, 101
What are the prime factors of 4239985?
5, 847997
List the prime factors of 752802.
2, 3, 37, 3391
What are the prime factors of 13944026?
2, 23, 107, 2833
What are the prime factors of 519334?
2, 259667
List the prime factors of 1741128.
2, 3, 72547
List the prime factors of 4265606.
2, 17, 109, 1151
What are the prime factors of 30873455?
5, 307, 20113
What are the prime factors of 434323?
434323
List the prime factors of 16485743.
127, 271, 479
What are the prime factors of 184600?
2, 5, 13, 71
List the prime factors of 2453916.
2, 3, 17, 23, 523
What are the prime factors of 451837?
451837
What are the prime factors of 2282545?
5, 307, 1487
List the prime factors of 227867.
19, 67, 179
List the prime factors of 12461579.
13, 199, 4817
List the prime factors of 363159.
3, 40351
What are the prime factors of 9760116?
2, 3, 813343
List the prime factors of 7751067.
3, 73, 35393
List the prime factors of 3307596.
2, 3, 19, 89, 163
List the prime factors of 226496.
2, 3539
What are the prime factors of 15600121?
19, 227, 3617
List the prime factors of 3409495.
5, 681899
What are the prime factors of 1691306?
2, 845653
What are the prime factors of 12949443?
3, 13, 79, 467
What are the prime factors of 2669409?
3, 98867
What are the prime factors of 338126?
2, 169063
What are the prime factors of 745438?
2, 372719
List the prime factors of 1794479.
709, 2531
What are the prime factors of 211392?
2, 3, 367
List the prime factors of 4359059.
101, 43159
List the prime factors of 2023764.
2, 3, 137, 1231
What are the prime factors of 157134?
2, 3, 26189
List the prime factors of 1774660.
2, 5, 89, 997
List the prime factors of 6822821.
31, 127, 1733
List the prime factors of 603747.
3, 59, 379
What are the prime factors of 10766456?
2, 269, 5003
List the prime factors of 389186.
2, 7, 27799
List the prime factors of 804763.
17, 47339
List the prime factors of 1139324.
2, 284831
List the prime factors of 293268.
2, 3, 24439
List the prime factors of 414833.
414833
What are the prime factors of 645937?
645937
What are the prime factors of 194503?
19, 29, 353
What are the prime factors of 21446728?
2, 557, 4813
List the prime factors of 86902.
2, 43451
What are the prime factors of 807861?
3, 19, 14173
What are the prime factors of 7294776?
2, 3, 29, 47, 223
List the prime factors of 17518.
2, 19, 461
List the prime factors of 341712.
2, 3, 7, 113
List the prime factors of 600958.
2, 487, 617
What are the prime factors of 147323?
11, 59, 227
What are the prime factors of 53983?
37, 1459
List the prime factors of 11062371.
3, 37, 99661
List the prime factors of 918483.
3, 211, 1451
List the prime factors of 369807.
3, 123269
What are the prime factors of 1855899?
3, 68737
List the prime factors of 99061.
23, 59, 73
List the prime factors of 667224.
2, 3, 3089
What are the prime factors of 380943?
3, 4703
List the prime factors of 11752.
2, 13, 113
List the prime factors of 113343.
3, 37781
List the prime factors of 358912.
2, 701
What are the prime factors of 5559007?
5559007
What are the prime factors of 3584405?
5, 11, 65171
List the prime factors of 12002861.
13, 271, 3407
List the prime factors of 613551.
3, 204517
What are the prime factors of 34183960?
2, 5, 854599
What are the prime factors of 770677?
41, 18797
List the prime factors of 420338.
2, 210169
What are the prime factors of 1659812?
2, 7, 11, 17, 317
List the prime factors of 201299.
7, 149, 193
What are the prime factors of 33996?
2, 3, 2833
What are the prime factors of 4417877?
1487, 2971
List the prime factors of 5123305.
5, 11, 93151
What are the prime factors of 409499?
409499
List the prime factors of 644911.
644911
List the prime factors of 601842.
2, 3, 37, 2711
What are the prime factors of 391870?
2, 5, 149, 263
List the prime factors of 7074852.
2, 3, 163, 3617
List the prime factors of 170780.
2, 5, 8539
List the prime factors of 23172017.
11, 23, 67, 1367
List the prime factors of 177606.
2, 3, 11, 13, 23
List the prime factors of 6928723.
647, 10709
List the prime factors of 2470662.
2, 3, 101, 151
List the prime factors of 11595616.
2, 362363
What are the prime factors of 380923?
113, 3371
What are the prime factors of 271037?
13, 20849
List the prime factors of 169494.
2, 3, 13, 41, 53
List the prime factors of 2941221.
3, 17, 101, 571
List the prime factors of 69695.
5, 53, 263
List the prime factors of 2436418.
2, 1218209
List the prime factors of 2895107.
73, 39659
List the prime factors of 274121.
274121
What are the prime factors of 4979411?
4979411
What are the prime factors of 582077?
41, 14197
What are the prime factors of 7376946?
2, 3, 17, 31, 2333
List the prime factors of 29234780.
2, 5, 67, 21817
What are the prime factors of 2419641?
3, 7, 193, 199
List the prime factors of 8545337.
8545337
What are the prime factors of 209778?
2, 3, 34963
What are the prime factors of 419841?
3, 46649
What are the prime factors of 281702?
2, 83, 1697
What are the prime factors of 1791?
3, 199
List the prime factors of 1353436.
2, 7, 48337
List the prime factors of 2999401.
2999401
What are the prime factors of 15658444?
2, 281, 13931
List the prime factors of 484981.
7, 79, 877
What are the prime factors of 6403179?
3, 311, 6863
List the prime factors of 8094204.
2, 3, 151, 1489
List the prime factors of 268119.
3, 31
What are the prime factors of 151438?
2, 7, 29, 373
List the prime factors of 18931684.
2, 59, 97, 827
What are the prime factors of 182823?
3, 149, 409
List the prime factors of 8154069.
3, 7, 11, 3209
List the prime factors of 711412.
2, 13, 1368